 191729 prime?
False
Is 76891597 a prime number?
False
Is 602577481 a composite number?
True
Is 294264049 a composite number?
False
Is 800963 a composite number?
True
Is 978599 a prime number?
True
Is 20972933 prime?
True
Is 1863539 a composite number?
True
Is 9275339 prime?
True
Is 118090097 prime?
True
Is 1110917753 a composite number?
True
Is 5471527 a composite number?
False
Is 4741229 a prime number?
True
Is 10402211 composite?
False
Is 60393523 a composite number?
True
Is 11999443 composite?
False
Is 16338341 composite?
False
Is 1144757 a prime number?
True
Is 8824301 composite?
False
Is 31198897 prime?
True
Is 5281019 composite?
False
Is 65029391 a prime number?
False
Is 174642827 a prime number?
False
Is 78710351 composite?
False
Is 170252393 a composite number?
True
Is 183498334 composite?
True
Is 8448007 composite?
False
Is 1030873673 a composite number?
False
Is 82781 a prime number?
True
Is 6031789 a composite number?
False
Is 1165037 a composite number?
False
Is 2730229 composite?
False
Is 622123103 a composite number?
True
Is 380041 a composite number?
False
Is 155348023 prime?
False
Is 4408951 composite?
False
Is 32647981 a prime number?
True
Is 432063127 composite?
False
Is 896081 prime?
False
Is 1962991 prime?
True
Is 3799013 a prime number?
True
Is 180061307 prime?
True
Is 16333847 composite?
False
Is 49970023 a composite number?
True
Is 39299737 a composite number?
False
Is 15956411 composite?
True
Is 2699971 a composite number?
False
Is 42288667 a composite number?
True
Is 7970026 a composite number?
True
Is 184883 a prime number?
False
Is 253360813 a prime number?
False
Is 3043327 a prime number?
False
Is 75652061 composite?
True
Is 36049193 composite?
False
Is 105781657 prime?
True
Is 73074769 a prime number?
True
Is 1967239 composite?
False
Is 106924241 composite?
False
Is 277407047 a prime number?
True
Is 87438607 a prime number?
True
Is 21897371 a prime number?
True
Is 74407 a prime number?
False
Is 386777 a prime number?
True
Is 17741519 composite?
True
Is 470819 composite?
False
Is 103658869 a prime number?
False
Is 184493483 composite?
False
Is 398787 prime?
False
Is 22033753 composite?
True
Is 1368907 prime?
True
Is 107442367 a prime number?
True
Is 6594421 a prime number?
True
Is 50107573 prime?
True
Is 15157913 prime?
True
Is 715769 a composite number?
True
Is 367031 a prime number?
False
Is 693982099 a composite number?
False
Is 10828291 a prime number?
True
Is 10107505 composite?
True
Is 104835509 composite?
False
Is 46956797 composite?
True
Is 3557083 a composite number?
False
Is 26919869 prime?
True
Is 79535219 composite?
True
Is 6264935 a composite number?
True
Is 4548023 composite?
False
Is 24965261 composite?
True
Is 2179397 prime?
False
Is 34273903 composite?
False
Is 1792139 prime?
True
Is 132071 a composite number?
False
Is 106792118 prime?
False
Is 91551989 prime?
False
Is 11017177 a prime number?
True
Is 9823453 a prime number?
True
Is 7224059 composite?
True
Is 52354447 composite?
False
Is 753647 composite?
False
Is 22012071 prime?
False
Is 6996657 a prime number?
False
Is 56020909 composite?
True
Is 7839911 composite?
False
Is 42610597 composite?
True
Is 2456539 a prime number?
True
Is 1409153 a composite number?
True
Is 192785935 composite?
True
Is 1431907 a composite number?
False
Is 3395261 a composite number?
True
Is 10001153 a composite number?
True
Is 4908847 a prime number?
False
Is 1067087 a prime number?
False
Is 36605 prime?
False
Is 96668111 a prime number?
True
Is 27046463 a prime number?
False
Is 24681563 a composite number?
False
Is 806129 a prime number?
True
Is 174567577 a composite number?
True
Is 10853753 prime?
True
Is 60884903 a prime number?
False
Is 2334179 a prime number?
True
Is 983419 a composite number?
True
Is 173324419 composite?
True
Is 5241101 a composite number?
False
Is 368931397 a composite number?
True
Is 3541987 composite?
False
Is 86866943 a prime number?
False
Is 53892497 a prime number?
True
Is 6881989 prime?
True
Is 1406771 composite?
False
Is 45481 prime?
True
Is 259807727 prime?
True
Is 11358185 composite?
True
Is 2906611 a composite number?
True
Is 10065543 composite?
True
Is 1206433 prime?
True
Is 954097 composite?
False
Is 54794 prime?
False
Is 7768223 prime?
True
Is 235092787 a composite number?
False
Is 17892403 a composite number?
False
Is 155060459 a prime number?
True
Is 99941173 composite?
True
Is 48962321 a prime number?
False
Is 2316757 prime?
True
Is 180241211 prime?
True
Is 5403478 composite?
True
Is 78707323 a composite number?
True
Is 7992307 a composite number?
True
Is 52846 prime?
False
Is 2677301 prime?
False
Is 31917409 a composite number?
False
Is 35470217 prime?
True
Is 4890602 a composite number?
True
Is 2679134 composite?
True
Is 727489577 composite?
True
Is 1157873347 prime?
True
Is 693061 composite?
False
Is 7971923 composite?
True
Is 2239039 a prime number?
False
Is 1499 composite?
False
Is 60414559 a composite number?
False
Is 1622674 a composite number?
True
Is 361730053 a prime number?
True
Is 5612831 prime?
False
Is 54905677 prime?
True
Is 499651 a prime number?
False
Is 48612223 composite?
True
Is 47550541 a composite number?
False
Is 17908567 prime?
True
Is 383533 a prime number?
True
Is 75635869 prime?
True
Is 941111 a prime number?
False
Is 193163 composite?
False
Is 78746119 a prime number?
True
Is 3469919 a composite number?
False
Is 1736951 composite?
False
Is 140369389 composite?
True
Is 3103391 prime?
True
Is 34548341 a composite number?
False
Is 15571333 composite?
True
Is 61783717 composite?
True
Is 92675899 a prime number?
True
Is 21603899 composite?
False
Is 3565777 composite?
False
Is 3293133 a composite number?
True
Is 3200413 a composite number?
False
Is 8039183 a composite number?
False
Is 2387507 composite?
False
Is 26796919 prime?
False
Is 152777957 composite?
False
Is 233494 a prime number?
False
Is 2211178 a composite number?
True
Is 4780379 prime?
True
Is 43835397 a prime number?
False
Is 109051409 a composite number?
False
Is 35920543 a composite number?
False
Is 1083634 a composite number?
True
Is 44291959 a composite number?
False
Is 18048565 composite?
True
Is 92758049 a prime number?
True
Is 27480491 a composite number?
True
Is 2250761 prime?
True
Is 15924017 composite?
False
Is 29917 a composite number?
False
Is 73848469 composite?
True
Is 24233 a prime number?
False
Is 46496623 a prime number?
True
Is 41078729 a composite number?
False
Is 6366167 a prime number?
False
Is 7076281 a prime number?
True
Is 3193079 composite?
True
Is 142012699 a composite number?
False
Is 23678345 a prime number?
False
Is 80563691 composite?
True
Is 1207597 a prime number?
True
Is 14720581 a composite number?
True
Is 5756777 a composite number?
True
Is 242257 composite?
False
Is 65432399 a prime number?
False
Is 113138653 composite?
False
Is 7534243 composite?
False
Is 359861 a prime number?
False
Is 7000517 prime?
True
Is 255239 a composite number?
False
Is 79294753 a prime number?
True
Is 874117 composite?
False
Is 25421237 a composite number?
False
Is 171860237 composite?
False
Is 230954627 a composite number?
False
Is 499903 prime?
True
Is 112544093 prime?
False
Is 6707455 a composite number?
True
Is 8010749 a composite number?
False
Is 99403007 prime?
False
Is 529439 composite?
True
Is 123604303 composite?
False
Is 58709737 a composite number?
False
Is 95798261 a prime number?
False
Is 79287251 composite?
True
Is 23587043 a composite number?
False
Is 295189 a prime number?
False
Is 13053701 prime?
False
Is 453802013 composite?
True
Is 2251547 prime?
True
Is 25256611 composite?
True
Is 1084884305 composite?
True
Is 41031707 a composite number?
False
Is 16519447 composite?
True
Is 845213 prime?
False
Is 10877327 composite?
False
Is 6380443 composite?
False
Is 5705839 a composite number?
False
Is 1085891 prime?
True
Is 14663263 a prime number?
True
Is 7614461 a composite number?
True
Is 3569197 a prime number?
False
Is 12946403 a prime number?
False
Is 8237017 a composite number?
True
Is 213713 composite?
False
Is 5953793 prime?
True
Is 215516047 a prime number?
True
Is 4097869 a composite number?
False
Is 6858307 prime?
True
Is 11925557 composite?
True
Is 16928491 composite?
False
Is 18956371 a prime number?
False
